- g - 2. Let b(a) = a**3 + 6*a**2 + 6*a + 7. Let i be b(-5). Suppose i*j - 3*j = -3. Calculate o(j).
-5
Let h be 2/16 - 6/48. Let b be 1 + ((-12)/4)/(h - -1). Let p(a) = a**2 - a - 5*a**3 - a**2 + 4*a**3. Give p(b).
10
Let g(k) = k**3 - 3*k**2 - 2*k - 2. Let h be g(4). Let f(n) = -7*n + 8*n + 0*n - 31 + 12 + 14. Give f(h).
1
Let v be 2 + 0 + 112/(-8). Suppose 2*s + 33 = 5*s. Let h = v + s. Let p(z) = -z - 1. Calculate p(h).
0
Let o(w) be the first derivative of -1/2*w**2 + w + 6 - 1/3*w**3. Let t(f) = -7*f - 5. Let l(b) = -o(b) - t(b). Determine l(-6).
-8
Let s be 3/90*5*6. Let z(c) = c - 1. Let u(w) = -5*w - 5. Let q(k) = s*u(k) + 2*z(k). Give q(-5).
8
Let i(x) = -x**3 - 3*x**2 + 2*x - 5. Let n be ((-11)/(-3) - 4)/(2/426). Let g = n + 67. What is i(g)?
3
Let c(w) be the first derivative of w**2/2 + 7*w + 13. Let j be (-2 + 23)*(-6)/18. Determine c(j).
0
Let s(d) = 4*d + 6. Let g = 486 - 489. Calculate s(g).
-6
Suppose -536 = -11*p - 492. Let g(z) = -z**3 + z**2 + 10*z - 1. Determine g(p).
-9
Let r(c) be the third derivative of c**4/24 - c**3 - 114*c**2 + 1. What is r(-5)?
-11
Suppose 0 = -a - 2*k - 51, -a = -k + 2*k + 51. Let o = a - -52. Let t(x) be the first derivative of -10*x**3/3 - x**2/2 + x + 2. What is t(o)?
-10
Let r(h) = h**3 - 11*h**2 - 4*h - 2. Let o(u) = 2*u**3 - 20*u**2 - 7*u - 4. Let l(n) = -3*o(n) + 5*r(n). Determine l(4).
22
Let r(f) = -5*f - 1. Let l = -2 - -5. Suppose -l*w + 11 = -4. Let u be (4/(-10))/((-2)/w). What is r(u)?
-6
Let u(p) be the second derivative of -p**5/20 - p**4/12 + 2*p**3/3 - p**2/2 + 2*p - 54. Let d(m) = -m + 8. Let g be d(11). Calculate u(g).
5
Let f(b) = -25*b + 15. Let i(o) = -13*o + 9. Let n(g) = -3*f(g) + 5*i(g). What is n(-1)?
-10
Suppose 4*k + 60 = 2*w - 10, 5*k = 3*w - 102. Let g = 32 - w. Let m(h) = 2 - 3*h + g*h + h - 5. Give m(0).
-3
Let a(y) = -y + 7. Let x be a(3). Let f(c) = 5 - c**3 + 0 - x. Determine f(-1).
2
Let p(b) = -5*b**2 - 16*b. Suppose 10*j - 7*j - 18 = 0. Let t(l) = -4*l**2 + j*l**2 - l**2 - 2*l**2 - 4*l. Let u(f) = -2*p(f) + 9*t(f). Give u(5).
5
Suppose -2*g = 3*o, -g - 2*g - 13 = -2*o. Let v be (30/(-10))/((-1)/o). Let w = v - 0. Let s(k) = -k**3 + 7*k**2 - 3*k - 4. Give s(w).
14
Let i = -6 - -1. Let q = 3 + 0. Let f(v) = -11*v - 69*v**2 + 4*v + 2 - v**q + 62*v**2. Give f(i).
-13
Let a = -6 + 16. Let r = a + -7. Let v be 2 + (6 - r) + -8. Let b(i) = -i**2 - 3*i - 3. Calculate b(v).
-3
Let u(q) = -q + 3. Let i(h) = -14 - 7*h + 18 + h**3 + 0*h**3 - 4*h**2. Let t be i(5). Give u(t).
9
Let b(l) = 8*l**2. Let c(m) be the first derivative of -5*m**2/2 + 5*m + 5. Let w(n) = 9*n - 9. Let x(j) = 11*c(j) + 6*w(j). Let q be x(2). Give b(q).
8
Let d(f) = -4 + 11*f - f**2 - f**2 - 32*f + 4*f**2. Let j be d(11). Let r(u) = -u**3 + 6*u**2 + 5*u - 2. Give r(j).
-16
Let x(c) = c + 1. Let s(n) = -n + 3. Let h(u) = 3*u - 8. Let r be h(4). Suppose 3*f - 2*m = -1, r*m + 3 = f - 0*m. Let b(p) = f*s(p) + 2*x(p). Determine b(-2).
-7
Let g(z) = -z**3 - 11*z**2 - 28*z + 1. Let c be g(-7). Let q(h) be the second derivative of -2*h**4/3 + h**3/6 - h**2/2 - 2*h. Give q(c).
-8
Let v(o) = -2*o**3 + o**2 + 2*o - 1. Let t(c) = c**2 + 3*c. Let m be t(-3). Let d = 1 - m. Suppose 3*y = d + 5. What is v(y)?
-9
Let l(k) be the third derivative of k**6/120 - k**5/10 + 4*k**3/3 - 2*k**2 - 10. What is l(6)?
8
Let u(p) = 3*p**3 - p - 1. Let s(j) = 17*j**3 + 2*j**2 - 4*j - 10. Let w(g) = s(g) - 6*u(g). Determine w(3).
-7
Let i(v) = -5*v**3 - 2*v**2 - 2*v - 1. Let c = 139 - 140. Calculate i(c).
4
Let k(n) = n - 19. Let a be k(20). Let x(i) = 6*i**2 - 2. Let m(v) = -v**2 - v + 1. Let g(u) = a*x(u) + 2*m(u). Determine g(-2).
20
Let u be 4/(-3) + (-3)/(-9). Let k(z) = 10*z**3 + 2*z + 1 + 10*z**3 - 14*z**3 + 2*z**2. Calculate k(u).
-5
Let h = 69 + -61. Let i(c) = 5*c**2 - 4*c**2 - h*c + 9 + c. Give i(7).
9
Let h be (-2)/(-16) - 3255/56. Let l = h + 50. Let y(o) = -o**3 - 8*o**2 + o + 9. What is y(l)?
1
Let z(d) be the first derivative of d**3/3 - 3*d**2 - 4*d - 31. Calculate z(5).
-9
Let x be 12*((-1)/(-6) - (-1)/6). Let a(o) = -o**3 + 9*o**2 + 5*o + 6. Let j(d) = d**3 - 10*d**2 - 6*d - 7. Let h(w) = x*a(w) + 3*j(w). Determine h(6).
15
Let g(u) = u**2 + 7*u + 5. Let z be ((-16)/6 - -3)*-9. Let j be 1/((-4)/z - 1). Let s = -2 - j. Determine g(s).
-5
Suppose 0 = -4*t - 0 + 4. Let n be t/1*(-5 + 5). Let h(g) = 3*g**2 + 586 - 593 - 2*g**2. Calculate h(n).
-7
Suppose 3*x - 6 = 3*d - 9, 18 = -3*d - 4*x. Let j(h) = 3*h**2 - h + 1. Calculate j(d).
15
Let b(g) = -158*g - 1260. Let h be b(-8). Let i(o) = -o**3 + 2*o**2 + 3*o + 2. Let r be i(3). Let m(l) = 1 - l**r + 1 + 5*l + 0. Calculate m(h).
6
Let t(q) = 4*q**2 - q - 6. Suppose 19*v = 9*v + 50. Let l(u) = -7*u**2 + u + 11. Let g(r) = v*t(r) + 3*l(r). Determine g(-4).
-5
Let x be (-14)/21 - 10/(-6). Let p be (-90)/x*3/(-6). Suppose 5*l + 3*a = -a + p, 40 = 3*l + 5*a. Let g(k) = 2*k - 1. Calculate g(l).
9
Let g = -26 + 23. Let w be 4 + 6/g + -6. Let d(k) = k**2 + 5*k + 4. Calculate d(w).
0
Let b(g) be the first derivative of 1/4*g**4 - 1/2*g**2 + g - 37 - 1/3*g**3. Determine b(3).
16
Let z = 23 + -20. Suppose 3*c + z = 9. Suppose 3*x = -0*x + 2*b, c*b = 5*x. Let a(o) = o + 9. Give a(x).
9
Let o = -2/405 - -137/405. Let s(l) be the first derivative of o*l**3 - l**2 + 2 + 3*l. Give s(3).
6
Let k(r) = -4*r - 16. Let m(i) = -2*i**3 - 44*i**2 + 45*i - 29. Let z be m(-23). Calculate k(z).
8
Let k(i) = -i**2 - 2*i - 1. Let x(p) = 60*p**3 + 5*p**2 + 8*p + 4. Let y(f) = -3*k(f) - x(f). Give y(-1).
59
Suppose 10 = -3*s + 4*s. Suppose 6 + s = 4*f. Suppose -2 - 10 = f*y. Let x(m) = -m**3 - 2*m**2 + 2*m + 4. Give x(y).
7
Suppose 5*n - 20 = 0, 3*p - 3*n + 2*n = -4. Let q = -4 - p. Let m(o) = 5*o**2 - 5*o - 5. Let y(f) = 6*f**2 - 6*f - 6. Let u(w) = q*m(w) + 3*y(w). What is u(-2)?
-10
Let a(i) = -25*i - 3. Let f(c) = 69*c + 8. Let h(d) = -11*a(d) - 4*f(d). What is h(8)?
-7
Let k(o) = o**3 + 12*o**2 + 9*o - 4. Suppose 53*d - 59*d = 66. Give k(d).
18
Let f(p) = -p**2 - 5*p + 5. Let k(d) = 8*d + 6*d - d**2 + d**3 - 12*d + 3*d**2 - 1. Let v be k(-2). Calculate f(v).
5
Let d(v) be the first derivative of -v**3/3 - 5*v**2 + 12*v + 38. Give d(-12).
-12
Let q(l) be the second derivative of -l**4/12 + 7*l**3/3 + 27*l**2/2 + 463*l. Give q(15).
12
Let o(j) = -10*j**2 + 8*j + 2197 + 6*j - 2198. Let q(r) = -r**2 + r. Let w(f) = -2*o(f) + 22*q(f). Determine w(-5).
-18
Let i be -3 + (0 - 6/(-2)). Suppose i*s - 2*h + 1 = s, -5*s = -4*h - 5. Let q(b) = -13*b**2 + b. Give q(s).
-12
Let z(y) be the third derivative of -3*y**2 + 7/6*y**3 - 1/60*y**5 + 0 + 0*y - 5/24*y**4. Determine z(-5).
7
Let r(v) = -v**2 - 5*v + 3. Suppose 0 = 2*m + 2*q - 0*q - 2, -2*m + 3*q + 17 = 0. Let d be (m - 0) + (4 - 6). Suppose 0 = -o - d - 2. Calculate r(o).
7
Let a(x) = -2*x + 2. Let b be (2 - 6)*(-10)/(-8). Let z(l) = l + 8. Let h be z(b). Suppose -3*m = -5*i + 4, -i - 8 + 4 = -h*m. Determine a(m).
-2
Let d = -3/10 + 23/60. Let z(r) be the second derivative of d*r**4 + 0 + 8*r - 2/3*r**3 + r**2. Calculate z(3).
-1
Let z(i) = -i**2 - 8*i - 8. Let u(p) = 3*p + 0 + 160*p + 2. Let f be u(-2). Let x be f/48 + 6/8. Calculate z(x).
4
Let x(m) be the first derivative of 18 - 3*m + 1/4*m**4 + 4/3*m**3 + 0*m**2. What is x(-4)?
-3
Let y(r) = 35*r + 1. Let l(a) = -71*a - 2. Let c(q) = 4*l(q) + 9*y(q). What is c(-1)?
-30
Let f = -7 - -9. Let c(r) = 4*r**2 + 2*r. Let m(l) = l**2 + l. Let b(i) = 2*c(i) - 6*m(i). Determine b(f).
4
Let p(c) be the second derivative of -c**3/6 + 6*c**2 - 48*c + 1. Give p(9).
3
Let u(h) be the first derivative of 3*h**4/2 + h**3 - h**2/2 - h - 125. Give u(1).
7
Let x(y) = y**3 - 4*y**2 + 3*y - 1. Let q be 10/35 + (-200)/14. Let i be (-8)/12 - q/(-6). Let h = 5 + i. Give x(h).
-3
Let l(b) = -4*b**2 + 2 - 5 - 5*b + 3*b**2. Suppose 29*z = 34*z - 10. Suppose -5*j - 40 = -z*t, 0 = -3*j + j - t - 7. What is l(j)?
-9
Let j(b) be the second derivative of -b**3/2 + 3*b**2 + 2*b. Calculate j(-7).
27
Let f(z) = -z**2 - 8*z - 4. Let j(q) = q**2 + 6*q + 12. Let g be j(-6). Let i = 17 - g. Suppose 5 + 25 = -i*k. Calculate f(k).
8
Let o(a) = -a**3 - 7*a**2 + 2*a + 4. Let l(v) = 2*v**3 + 8*v**2 - v - 4. Let t(m) = 2*l(m) + 3*o(m). Let p be ((-14)/4)/((-5)/(240/42)). Calculate t(p).
4
Suppose 4*k + k + z + 48 = 0, -4*z = -8. Let c 